 2*x - 2*f = -3 - 3, 0 = 5*x - 4*f + 17. Suppose -2*c + 151 - 27 = 0. Let a(u) = 0*u**2 - 67*u + c*u - 7 - u**2. Calculate a(x).
-7
Let j = 7 + -10. Let b(l) = -9*l + 3. Let p(i) = 5*i - 1. Let g(d) = j*b(d) - 5*p(d). Let u(n) = 2*n**2 + 106*n + 1350. Let q be u(-32). Give g(q).
8
Suppose -5*h = -2*y - 195, 4*y + h = -3*h - 348. Let t = y - -94. Let g(m) = m**2 - m - 4. What is g(t)?
8
Let d(q) = -3*q**2 - 16*q - 6. Let k(w) = -10*w**2 - 52*w - 18. Let p(z) = -7*d(z) + 2*k(z). Give p(-7).
-1
Let i(k) be the third derivative of k**4/24 + k**3/3 + 33*k**2. Let p be (0 + (-24)/(-32))/(2/(-24)). Determine i(p).
-7
Let l(n) = 10*n - 1. Let y be ((-105)/(-28))/(1/28). Suppose -y*p = -115*p - 10. Determine l(p).
-11
Let l(i) = 16*i**2 - 120*i - 51. Let y(g) = -5*g**2 + 38*g + 17. Suppose -3*a + 32 = -0*a + 4*v, -v + 13 = 2*a. Let j(x) = a*l(x) + 13*y(x). Calculate j(15).
2
Let n(c) = c**3 - 17*c**2 + 31*c + 5. Suppose -5*g - 45 = -k - 3*k, 3*k - 5*g = 30. Give n(k).
20
Let l(r) = 450 + r**2 - 547 - 5*r + 99. Give l(5).
2
Let p be (2/(-4))/(2/(-36)). Let n(u) = 16*u**3 - 51*u**2 - 18*u - 72. Let y(h) = -3*h**3 + 10*h**2 + 4*h + 14. Let l(x) = -2*n(x) - 11*y(x). Determine l(p).
-1
Let s(j) = j**3 - j**2 + j - 2. Let u = 0 - 0. Let p(x) = 31*x - 305. Let l be p(10). Suppose -l*z = -4*m - u*z + 8, 5*z - 8 = -4*m. Determine s(m).
4
Suppose 5*y - z = -17, 5*y + 21 = -2*z - 5. Let s(i) be the second derivative of 20*i + 0*i**3 - 1/3*i**4 - 1/20*i**5 + 0*i**2 - 1. What is s(y)?
0
Let j be (-9)/6 + (-68)/(-8). Let h = j + -15. Let z(a) = a**3 + a**2 + 1. Let w(x) = 5*x**3 + 12*x**2 + 5*x + 14. Let i(q) = w(q) - 4*z(q). Give i(h).
-30
Let p(c) = -c - 6. Suppose -q + 4*n = -21, -3*q = -7*q - 5*n + 126. Suppose 0 = 4*o + q - 17. Calculate p(o).
-3
Let z be 65/15 - 8/(-12). Let a(i) = 6*i + 2. Let u(o) = -5*o - 2. Let d(c) = z*u(c) + 4*a(c). What is d(-5)?
3
Let c(a) be the first derivative of 9*a**2/2 + 77*a + 6181. Determine c(-15).
-58
Suppose 2*y - 16 - 2 = 0. Let h(p) = 4*p - 34. Let f be h(y). Let q(d) = 17*d**2 - d - d**3 + 5*d - 6 - 22*d**f. Calculate q(-6).
6
Suppose 5*g - 9 = -3*z, -6 = -4*g + 2*g - 2*z. Suppose 0*b + k = 3*b - 677, g = -2*b - 4*k + 428. Let n be b/40 - 6/(-15). Let w(s) = s - 1. Calculate w(n).
5
Let l(f) = -f**2 - 7*f - 83. Let i(r) = -2*r**2 - 16*r - 200. Let d(y) = 4*i(y) - 9*l(y). Give d(-6).
-11
Let i(o) = o**2 - 9*o - 7. Suppose 4*y - 85 = 4*j - y, -2*y = -2*j - 40. Let a be (-4*1)/(3/(j/(-10))). Let z be a/(-8) + (-117)/(-12). Determine i(z).
3
Let m(j) = 1 - 396*j - 404*j - 405*j + 6 + 1202*j. Give m(13).
-32
Let s(v) = -1891 + 951 + 934 - 8*v - v**2. Calculate s(-7).
1
Let u(g) = 155*g + 2784. Let z be u(-18). Let a(r) = -2*r**2 - 20*r - 36. Determine a(z).
12
Let j(d) be the first derivative of -d**4/12 - 3*d**2/2 - 46*d + 243. Let n(w) be the first derivative of j(w). Let k be ((1 - -1) + 1)*1. What is n(k)?
-12
Let k(i) = i**3 - 30*i**2 - 61*i - 47. Let q be k(32). Suppose -q = -16*w + 63. Let o(h) = -h**3 + 7*h**2 + 2*h - 10. Determine o(w).
4
Let r(j) be the third derivative of j**7/840 - j**6/40 - 3*j**5/40 - 7*j**4/12 + 13*j**3/6 - 44*j**2. Let x(t) be the first derivative of r(t). What is x(10)?
-4
Let d(l) = -4*l. Let x(h) = -11*h + 1. Let z(b) = 8*d(b) - 3*x(b). Let t be z(4). Let u(a) = -6*a**2 - 1 + 333692*a - 8*a**2 - 333692*a. What is u(t)?
-15
Let i = 534 + -159. Let l = 378 - i. Let o(x) = -x**2 + x + 2. What is o(l)?
-4
Let w(s) be the second derivative of s**6/360 - s**5/120 - s**4/6 + 4*s**3 + 7*s. Let v(a) be the second derivative of w(a). What is v(3)?
2
Let t = -98 + 90. Let m be (-7)/(-14) - (-92)/t. Let x(y) = y**2 + 10*y - 3. Calculate x(m).
8
Let h(v) be the third derivative of v**6/60 + 13*v**5/30 - v**3/2 - v**2. Let b be h(-13). Let x(o) = -o**2 - 3*o. Give x(b).
0
Let h = 4 - 3. Let q(r) = 4*r + 2. Let o(m) be the second derivative of -m**2/2 - 284*m + 2. Let y(d) = h*q(d) + o(d). Give y(1).
5
Let g(z) = -z**2 + 3*z + 1. Let a(n) = 7*n**2 - 11*n + 9. Let d(t) = -a(t) - 6*g(t). What is d(0)?
-15
Let x(h) = h**3 - 6*h**2 - 10*h + 7. Let v(f) = -98*f. Let o be v(-1). Let y = o + -91. What is x(y)?
-14
Let j(z) = z**2 - 21*z + 109. Let o be j(11). Let k(d) = 7 + 12 - 24 - 4*d - 5*d**2. Let q(c) = 15*c**2 + 11*c + 14. Let h(x) = 17*k(x) + 6*q(x). What is h(o)?
6
Let f(u) = u**3 + 7*u**2 + 6*u - 1. Let x be f(-6). Let z(m) be the first derivative of -m - 11/3*m**3 + 0*m**2 - 29. Give z(x).
-12
Let q(w) be the second derivative of w**7/840 + w**6/360 + 5*w**4/24 - 19*w**3/2 + w - 14. Let h(c) be the second derivative of q(c). Calculate h(0).
5
Let d = -67784 - -67789. Let w(i) = i - 4. Let n(c) = -2*c + 9. Suppose j = 4*l + 17, l + 4*l + 10 = -j. Let p(y) = l*n(y) - 5*w(y). Give p(d).
-2
Let f(r) = -r**3 + 4*r**2 + 2*r - 2. Let n be f(4). Let k(v) = -2*v + n*v - 5*v - 1. Let t be 8/(-1)*198/264. What is k(t)?
5
Let t(w) = w**3 - 5*w**2 + 3*w - 7. Let g(c) = -43505*c**2 + 43502*c**2 - 1 - 4 - 3*c - 2*c**3. Let a be g(-2). Give t(a).
8
Let y(m) = -12*m + 113. Let t(w) = -w**3 + 7*w**2 + 22*w - 78. Let r be t(-4). Calculate y(r).
-7
Let s be 3*4/6*(-2 + 3). Suppose -3*m + 3*r + 4 = 8*r, -s = -2*m - 3*r. Let z be (3/1 + -1)*m. Let f(y) = -y**2 - 3*y + 2. Determine f(z).
-2
Let w(s) = -s**2 + 4*s + 23. Suppose 10*o - 6*o + 30 = -2. What is w(o)?
-73
Let q(k) be the third derivative of 11*k**4/8 - k**3/3 - k**2 - 343. Calculate q(-1).
-35
Let f(i) = -6*i**2 - 2*i**2 - i + 1469 + 7*i**2 - 35*i - 1553. Calculate f(-34).
-16
Let d(s) = -12 - 528*s**2 - 6*s - 22 + 527*s**2 - 7*s. Determine d(-10).
-4
Let o(l) be the third derivative of -2*l**3 + 0 + 0*l - 1/12*l**4 + l**2 + 1/30*l**5. Let b(c) be the first derivative of o(c). Calculate b(-2).
-10
Let n(o) = -o**3 + 10*o**2 - 10*o - 8. Suppose -14*p = 10*p. Suppose p = -75*i + 39*i + 324. Determine n(i).
-17
Let h(s) = -838*s + 831. Let c be h(1). Let d(v) = v**3 - v**2 + v - 1. Let b(o) = -5*o**3 + 11*o**2 - 16*o + 3. Let m(w) = b(w) + 6*d(w). Calculate m(c).
-31
Let w = 1850 + -1839. Let u(m) be the second derivative of m**2 + 1/3*m**3 + 0 + w*m. Determine u(-5).
-8
Let r(l) = -60 + 15 + 30 - 8*l**2 + l + l**3 + 12. Give r(8).
5
Suppose -x = -5*x. Suppose -3*p + 7*n = 4*n - 21, -5*p - 4*n = -62. Let g(y) = 4*y**2 - y**3 - 3*y + 2*y + 4*y**2 - p - 9*y**2. Determine g(x).
-10
Let o(a) = 21*a - 13. Let q(c) = -10*c + 7. Let y = 39 - 52. Let r(z) = y*q(z) - 6*o(z). Let v be r(3). Let h(g) = -19*g + 1. Determine h(v).
20
Let k be 0/4*5/5. Suppose k = -13*i + 27 + 12. Let p(j) = 5*j - 6. Determine p(i).
9
Let o be -2 + 440/14 - 12/28. Let k(t) = 13*t - o*t + 1 - 3*t**2 + 15*t + 2*t**2 - 10*t**3. Let b = -91 - -92. Determine k(b).
-11
Let n(r) = -26*r**3 - 45*r**2 + 38*r - 54. Let o(x) = 7*x**3 + 11*x**2 - 10*x + 13. Let k(p) = -4*n(p) - 15*o(p). Determine k(15).
-9
Let s(t) = 26*t**3 - t**2 + t. Let c(p) = -16*p + 65. Suppose 58 + 38 = 24*o. Let g be c(o). Calculate s(g).
26
Let c(i) = 4*i + 59. Suppose -4*g = 3*z - 7*z + 36, 3*z = -4*g - 71. Let n be c(g). Let v(j) = -3*j + 2 + j**2 + 4 - 3. Determine v(n).
3
Let l(d) be the first derivative of -3*d**2/2 + 25*d - 1065. Determine l(9).
-2
Let w(a) = -a**3 - 31*a**2 - 44*a - 419. Let u be w(-30). Let m(c) = -16*c**2 + 35*c - 34. What is m(u)?
-15
Suppose 4 - 31 = 9*g. Let s be (g/(-2))/(18/24). Let t(u) = -s*u + 7 + 1 - 4. Give t(4).
-4
Let g(t) = -29*t**3 - 30*t**2 - 13*t - 8. Let j(z) = -63*z**3 - 65*z**2 - 28*z - 16. Let r(l) = -13*g(l) + 6*j(l). Give r(4).
-52
Suppose -4*o = -8 - 0. Let p be ((-20)/(-25))/(o/5). Let n(l) = -p - 2*l + 4 - l. Give n(3).
-7
Let p(g) = -7*g + 1. Let v(r) = -6*r + 1. Let q(z) = 5*p(z) - 6*v(z). Let j(i) = i**2 + 14*i - 96. Let f be j(-19). What is q(f)?
-2
Let b(s) = -s**3 - 12*s**2 + 2*s + 6. Let p = 479 + -473. Let y(z) = 3*z**3 + 35*z**2 - 5*z - 16. Let a(i) = p*y(i) + 17*b(i). What is a(-5)?
11
Let c(r) = r**3 + 9*r**2 + 5*r - 5. Suppose -7*f + 28*f - 63 = 0. Suppose 3*s = -l + 7, -5*l + f*s = 8*s + 15. Calculate c(l).
19
Let w = -430 + 422. Let v(q) = 1. Suppose -2*x - 5 = -x. Let i(r) = -r**3 - 9*r**2 - 9*r - 4. Let n(k) = x*v(k) + i(k). Calculate n(w).
-1
Let m(y) = 299*y + 303. Let j be m(-1). Let z(b) = -3*b**3 + 7*b**2 - 4. Give z(j).
-84
Let m = 16303 + -16296. Let y(v) =